-2 - -101002310002?
101002310000
In base 15, what is -1b + -82448?
-82464
In base 15, what is -274ba + 237?
-27283
In base 5, what is -220044344 + -2?
-220044401
In base 10, what is -722381 + 6?
-722375
In base 3, what is 22120 - 2001112122?
-2001020002
In base 10, what is 7 - -154693681?
154693688
In base 9, what is 201605 - 206?
201388
In base 11, what is 17363938 - a?
17363929
In base 9, what is -15882 + 22734?
5742
In base 3, what is 1211121000102 + 20?
1211121000122
In base 7, what is -650131 + -321?
-650452
In base 8, what is -2 + -17741254?
-17741256
In base 12, what is 4a + -160812?
-160784
In base 7, what is 2040 + 51334?
53404
In base 10, what is 4 - 201352204?
-201352200
In base 6, what is 3302020 + 21?
3302041
In base 8, what is -33 - 3463633?
-3463666
In base 15, what is adb90 + -3?
adb8c
In base 2, what is 100100111011100101 + 111010111001?
100101110110011110
In base 7, what is 24546541140 + 3?
24546541143
In base 15, what is 9915 + 3453?
cd68
In base 10, what is -31122911 + 4?
-31122907
In base 4, what is -10 - -22222112032013?
22222112032003
In base 10, what is -36389182 + -15?
-36389197
In base 14, what is 136 - c5470?
-c5338
In base 2, what is 1001000001010010010011011 - 0?
1001000001010010010011011
In base 2, what is -1010111 - 11010100001001100100?
-11010100001010111011
In base 2, what is 10011 + 1011010111111011100?
1011010111111101111
In base 16, what is -50c8 + -f5?
-51bd
In base 12, what is -68578 - 64?
-68620
In base 13, what is 29b5 + -2c72?
-28a
In base 2, what is -10100000110 + -1010001001?
-11110001111
In base 5, what is 242421341 - 2?
242421334
In base 9, what is -16171254 + -7?
-16171262
In base 2, what is 11011101110000 + -11010110111?
11000010111001
In base 4, what is -2130220223 + -301?
-2130221130
In base 5, what is -1442 - 413230?
-420222
In base 7, what is -120 + -55256?
-55406
In base 4, what is -1001002021201031 + -11?
-1001002021201102
In base 12, what is 72403729 - 2?
72403727
In base 4, what is -110030 - 1210323?
-1321013
In base 6, what is 22242 - -12242?
34524
In base 8, what is -554 - 626406?
-627162
In base 11, what is 3696 - 276?
3420
In base 9, what is -1 - 40080472?
-40080473
In base 7, what is -351126 - 65?
-351224
In base 7, what is 2236 + -2311?
-42
In base 4, what is -32 - -222123030?
222122332
In base 10, what is 16 - -3967527?
3967543
In base 6, what is -4502333 - -4131?
-4454202
In base 16, what is -30 + aa923f?
aa920f
In base 16, what is -e345 - 107f?
-f3c4
In base 11, what is 3aa - -9203?
9602
In base 5, what is 4 + 313434243114?
313434243123
In base 9, what is 334817 + -258?
334548
In base 14, what is -2c043 - 1486?
-2d4c9
In base 6, what is -1422 + -3515013?
-3520435
In base 6, what is 2554 - 354100?
-351102
In base 13, what is 8721 + 228?
8949
In base 16, what is 4 - 1ad1ef?
-1ad1eb
In base 15, what is 208e8b + -6?
208e85
In base 10, what is 53 - -420288?
420341
In base 6, what is 231441312110 - -4?
231441312114
In base 9, what is 3482 - 226853?
-223361
In base 16, what is c1b05fd - -5?
c1b0602
In base 7, what is -3 + -30215322?
-30215325
In base 15, what is -8 - -7c9696?
7c968d
In base 13, what is -7341 - -7b1a?
7a9
In base 11, what is -130 + -2573569?
-2573699
In base 13, what is 5 - -4a48332?
4a48337
In base 7, what is -326245613 + 1?
-326245612
In base 15, what is 75d0 - -cbb?
839b
In base 9, what is 5803843 + -8?
5803834
In base 6, what is -13112450541 + 4?
-13112450533
In base 6, what is 1000243 + 1100?
1001343
In base 7, what is -2550020 + -114?
-2550134
In base 14, what is -21d31 + -2328?
-24259
In base 3, what is 212011100 - 102102?
211201221
In base 4, what is 1000330020301 - 2?
1000330020233
In base 8, what is -3005 - 55160?
-60165
In base 14, what is -11cd8d - -16?
-11cd77
In base 3, what is -101121122 + 201111220?
22220021
In base 14, what is -116145 + -2?
-116147
In base 2, what is -11010110000110001 - 1000111001?
-11010111001101010
In base 16, what is -4 + 49967b?
499677
In base 5, what is 214 - 30402242?
-30402023
In base 2, what is 101 - -100101000001011001111000011?
100101000001011001111001000
In base 14, what is -970bb7 + 7?
-970bb0
In base 11, what is -168142 + -48?
-16818a
In base 8, what is -42624541 - -35?
-42624504
In base 9, what is -1 - 436556721?
-436556722
In base 6, what is 35 - 14451533?
-14451454
In base 9, what is 5 - -268811026?
268811032
In base 10, what is -3 + -42397658?
-42397661
In base 8, what is 1172621201 - 2?
1172621177
In base 7, what is 2315240023 - 1?
2315240022
In base 8, what is 170576 + 4407?
175205
In base 10, what is 10 + -10549551?
-10549541
In base 16, what is -4d89 + 39a?
-49ef
In base 7, what is -6021 - 26113?
-35134
In base 3, what is -202221011200 - -122?
-202221011001
In base 11, what is -45a4a9 + 3?
-45a4a6
In base 13, what is -b - -26670?
26662
In base 3, what is 1 + -221021211111?
-221021211110
In base 16, what is -1087 + 607?
-a80
In base 6, what is 0 - -1044333?
1044333
In base 9, what is 5 - -27543081?
27543086
In base 11, what is -a2a + 48451?
47522
In base 15, what is -34 + -56648?
-5667c
In base 5, what is -12 + -2423020334?
-2423020401
In base 3, what is -1001220 + -21111202?
-22120122
In base 5, what is -4 - 14321211232?
-14321211241
In base 13, what is -15a71c - -4?
-15a718
In base 16, what is 3 + 1b5b27?
1b5b2a
In base 15, what is -56d375 + -98?
-56d41d
In base 7, what is -433550 - -300?
-433250
In base 9, what is -104530 + -74?
-104614
In base 15, what is 172cc2 + -4?
172cbd
In base 10, what is 63 - -783?
846
In base 16, what is e0c1f79 + 4?
e0c1f7d
In base 2, what is 100001000001 - 110111000010011?
-110010111010010
In base 3, what is -122122210 + 2200201021?
2001001111
In base 5, what is 30004 + 204443?
240002
In base 8, what is -57 - 460545?
-460624
In base 8, what is -1 + -15721764?
-15721765
In base 5, what is 21 + -2232111?
-2232040
In base 5, what is -24340 - 101012002?
-101041342
In base 8, what is -3 + -42720447?
-42720452
In base 16, what is adb3b47 + 4?
adb3b4b
In base 3, what is 202221001212 - 112202?
202220112010
In base 12, what is 2b + 71961?
71990
In base 13, what is -4159 - b2c?
-4c88
In base 14, what is -818 + 26cc?
1cb4
In base 15, what is -7 + 9acc8eb?
9acc8e4
In base 4, what is -2013 - 2323202022?
-2323210101
In base 2, what is -1 + 101111010010010110110?
101111010010010110101
In base 16, what is 3b1d637 - -1?
3b1d638
In base 13, what is -3961 + 1033?
-292b
In base 16, what is -1556405 - 2?
-1556407
In base 14, what is -63a + -2ac04?
-2b440
In base 9, what is 10 + -102818472?
-102818462
In base 8, what is 53465 + -2645?
50620
In base 4, what is 3 + 303002213332?
303002220001
In base 2, what is -10 + 1100000100101011110100110?
1100000100101011110100100
In base 11, what is 47557 - 423?
47134
In base 11, what is 4a88843 + -17?
4a88827
In base 2, what is -10000000010001111000 - -1?
-10000000010001110111
In base 15, what is -64 - bec12?
-bec76
In base 7, what is -11062066 - 25?
-11062124
In base 7, what is 356 - 316630?
-316241
In base 12, what is b3b + 3473?
43b2
In base 6, what is 101330513 - 31?
101330442
In base 6, what is -5 + 304020505?
304020500
In base 16, what is 5 - 7c1004?
-7c0fff
In base 6, what is -531513 - 1130?
-533043
In base 5, what is -1401122 + -1140243?
-3041420
In base 6, what is 12134135134 - 4?
12134135130
In base 8, what is 2171624077 + -1?
2171624076
In base 6, what is -123045 - -15503?
-103142
In base 4, what is -2 + 13301302133333?
13301302133331
In base 8, what is 16332 - 12066?
4244
In base 11, what is 140a5 + 25a?
14354
In base 15, what is 1b4b1 + 15e?
1b620
In base 6, what is -111104 - 34134?
-145242
In base 5, what is -10102313023 + -3?
-10102313031
In base 6, what is 2 - 531433012?
-531433010
In base 6, what is -3 + -1522204554?
-1522205001
In base 15, what is 4eb554 + -5?
4eb54e
In base 12, what is -2 - -13425a74?
13425a72
In base 11, what is 6555 - -33063?
39608
In base 5, what is 13310 + 32242?
101102
In base 11, what is -1 - -3409a3?
3409a2
In base 10, what is 2 + -46860175?
-46860173
In base 12, what is -b025 - 14547?
-23570
In base 13, what is 30307 - -50?
30357
In base 2, what is -1011111010101000101111110 - -101?
-1011111010101000101111001
In base 2, what is -1011 - 101111000101001011011011?
-101111000101001011100110
In base 15, what is -1164dc7 + -3?
-1